ose b + 1 - 4 = 0. Suppose -2*d + 41 = b. Suppose 3*n + 828 = 1284. What is the greatest common factor of n and d?
19
Suppose -8 = 6*g - 10*g. Suppose 0 = g*p - 6 - 14. Calculate the highest common factor of 10 and p.
10
Suppose 3*s - 5 - 1 = 0. Suppose -4*m + s*m = -48. Let a = -9 + 17. What is the highest common divisor of m and a?
8
Let q = 2 - -16. Let s = -18 + q. Suppose -5*f - n + 5 = -2*n, s = 4*f - n - 4. Calculate the highest common divisor of 9 and f.
1
Suppose 2*b - 3*z = -9, z = 3*b - z + 6. Suppose b = -7*m + 10*m - 42. Calculate the highest common divisor of 14 and m.
14
Let p be (-1)/2*2*-12. Let k = 83 + -81. Let h be (-20 + 2 - -6)*(-2)/k. What is the highest common divisor of h and p?
12
Let r be 12 + -13 + 4 + 1035. What is the highest common divisor of 6 and r?
6
Suppose 5*s - k = 2*k + 1025, -2*s + 410 = k. Suppose -s = -5*g - 65. What is the greatest common divisor of g and 70?
14
Let s(l) = 3*l**2 - 9*l - 26. Let d be s(10). What is the highest common factor of d and 8?
8
Let z be ((-272)/(-6))/((-28)/(-42)). What is the highest common factor of 748 and z?
68
Suppose -4*u + 3*t = -t - 248, u + 2*t - 56 = 0. Let f = u - 48. What is the highest common factor of 108 and f?
12
Suppose 40 = 4*u + u - 2*q, -2*u + 27 = -3*q. Suppose -h = 4*h - r - 215, 3*h - 136 = 2*r. Calculate the highest common factor of u and h.
6
Suppose 2*p = -2*p - 16. Let t be p/34 + (-618)/(-51). Let f be ((-8)/(-10))/(4/150). What is the greatest common divisor of t and f?
6
Let n be 6/(-8) + 30/8. Suppose 0 = -n*m - 0*m + 288. Suppose 0*d = -3*p - 4*d + 24, 0 = 5*p - 5*d - 75. Calculate the greatest common divisor of m and p.
12
Let g = 1666 - 973. Calculate the greatest common divisor of 77 and g.
77
Suppose -5*r + 2*m + 16 = -44, -r = -m - 12. Calculate the highest common divisor of 324 and r.
12
Let m(k) be the third derivative of k**6/24 - k**5/30 - k**3/3 + k**2. Let l be m(2). Suppose -l = -3*s + 48. What is the greatest common divisor of 13 and s?
13
Suppose 0 = -0*y + y + s + 86, 3*s - 177 = 2*y. Let a = 137 + y. Suppose 2 + 18 = f. What is the greatest common divisor of f and a?
10
Let k = 36 + -17. Let u = k - 11. Suppose 0 = -x + 5*r + 1, 3*x + 7*r - 4*r = 3. Calculate the highest common factor of u and x.
1
Let w = -132 - -137. Suppose -d + 4*d + w*r = 58, -4*d - 2*r = -82. Let s = 3 + 0. What is the highest common divisor of d and s?
3
Suppose v = 6*v + 45. Let j be 0/v + (112 - 0). Suppose -2*a - 3*t + 10 + 37 = 0, 5*t - 41 = -a. Calculate the highest common factor of a and j.
16
Let m be 44/(-198) + (-83)/(-9). Suppose 0 = 7*s - m*s + 336. What is the highest common divisor of 21 and s?
21
Let j = 796 - 562. What is the greatest common divisor of j and 6?
6
Let q be (-44)/(-12) + 2/(-3). Suppose -p + 5*y + 5 = 0, -q*p + 3*y = 2*y - 57. Suppose -p - 7 = -h. What is the greatest common divisor of h and 9?
9
Let k(u) = -u**2 - 26*u - 128. Let r be k(-14). What is the highest common factor of 188 and r?
4
Let k = 20 - 15. Suppose -2*u - 5*s - 1 = 0, -11*u - 5*s = -6*u - k. Calculate the greatest common factor of u and 1.
1
Suppose 27 = -7*b + 69. What is the greatest common factor of b and 390?
6
Suppose -g + 36 - 33 = 0. Suppose -n = g*d + 4, -7*n = -2*n - 4*d - 56. What is the highest common factor of 8 and n?
8
Suppose 0 = 9*l - 1412 + 1124. Let s = 0 - 4. Let w(q) = 6*q**2 + 3*q - 4. Let p be w(s). Calculate the greatest common factor of p and l.
16
Suppose 0 = 31*u - 29*u + 52. Let g be (-16)/(-40) - u/10. Calculate the highest common divisor of g and 3.
3
Let b(s) = -6*s + 135. Let m be (-1)/(-5) + 9/(-45). Let t be b(m). Calculate the highest common factor of t and 15.
15
Let u(x) = -x**3 - 5*x**2 - 5*x. Let o be u(-4). Suppose 29 + 31 = o*i. What is the greatest common factor of i and 6?
3
Let f be 11615/207 - 1/9. What is the highest common factor of f and 84?
28
Let y = -2012 - -4045. Calculate the greatest common divisor of y and 19.
19
Let h be (-33019)/(-77) - (-4)/22. What is the highest common factor of 22 and h?
11
Let y = 188 + -113. What is the highest common factor of y and 200?
25
Suppose 5*r - 4*s + 76 = 0, -2*s + 14 - 54 = 4*r. Let x be 1*12*(-33)/r. Suppose 4*f + 8 = 20. Calculate the greatest common factor of x and f.
3
Suppose 0 = -5*a - t + 167, -4*t = 5*a - 6*t - 161. What is the greatest common factor of a and 121?
11
Let a(g) = -g**3 - 17*g**2 - 35*g - 10. Let r be a(-15). Calculate the highest common divisor of r and 15.
5
Suppose 4*a - 2206 = 78*f - 76*f, -2*a - 5*f = -1085. Calculate the greatest common divisor of 66 and a.
22
Let h = -2 - -18. Suppose 305 = 5*f - 335. Calculate the greatest common factor of f and h.
16
Let m = 8 + -5. Suppose z + 4*x - 7 = 12, 4*x - 47 = -5*z. Let v be (z - m) + (-4)/(-2). Calculate the greatest common divisor of v and 24.
6
Suppose -9 = -3*o, 5*v + 4*o - 387 = 210. Calculate the highest common factor of 9 and v.
9
Suppose 5*q - 2*x - 110 = 0, x - 5*x = q. Suppose 5*z = o + 6 + 13, -22 = -5*z - 2*o. Let f be (z/5)/(3/15). What is the greatest common factor of q and f?
4
Let y = 58 + 32. Suppose 0 = -4*v + 26 - y. Let k be -9*(-3)/((-3)/v). Calculate the greatest common factor of k and 18.
18
Suppose -264 = -3*z - 5*l - 19, -146 = -2*z + l. Calculate the greatest common divisor of z and 510.
15
Suppose 6 = -x + o, 0*x + 4*o = -4*x - 56. Let f be (-5)/(-2)*(-112)/x. What is the highest common divisor of 84 and f?
28
Let r be (-120)/72*(-252)/5. Calculate the greatest common factor of 945 and r.
21
Let t = -149 + 151. Let k(m) = m**3 + m**2 + 1. Let l be k(0). What is the highest common factor of l and t?
1
Let m = -18 - -26. Let u(p) = -6*p + 30. Let h be u(-6). Let l = 74 - h. What is the highest common factor of m and l?
8
Let a = -136 - -338. Calculate the greatest common divisor of 707 and a.
101
Let f(b) = b**3 - 8*b**2 + 16*b + 15. Let m be f(11). Let h = -202 + m. Calculate the greatest common divisor of 32 and h.
32
Let q = -53 + 134. Suppose 0 = -4*b - h - 3*h + 312, 2*h - q = -b. What is the greatest common divisor of 15 and b?
15
Suppose -3 - 7 = 2*g. Let u be (3 + g)*93/(-6). Suppose -4*t = y - u, 0 = -y - 0*y + 3*t + 3. What is the greatest common factor of 10 and y?
5
Suppose 3*y - 2457 = -18*y. What is the highest common factor of 9 and y?
9
Let q = -736 - -1035. Calculate the highest common factor of 23 and q.
23
Suppose -2063 = -107*i - 165*i - 431. Suppose 111 = 3*l - 3*j, -2*l - 7 + 71 = -4*j. What is the greatest common divisor of i and l?
6
Let d be (-11*(-3)/12)/((-1)/(-20)). Calculate the greatest common divisor of 440 and d.
55
Suppose -2*f - 3*r = -r + 4, -2*f - 4 = -4*r. Let v be 3 + -4 + 124/f. Let o = 0 - v. What is the greatest common divisor of o and 7?
7
Let m = -1280 - -2380. What is the highest common factor of m and 200?
100
Let j(g) = -g - 8. Let a be j(-10). Let c be (-4)/(-6)*(480/16)/10. What is the greatest common factor of c and a?
2
Let z be 18/3*(-15)/6. Let u = 2 - z. Calculate the highest common factor of u and 153.
17
Suppose -412 = -x + 4*v - 0*v, 2*x - 3*v = 829. Suppose -p = u - 53, -4*u + 2*p + 204 = -2*p. What is the highest common divisor of x and u?
52
Suppose -5*n + 65 = -5*q, 4*n - n - 36 = 2*q. Suppose n*m - 3*m = 168. Calculate the greatest common divisor of m and 12.
12
Let s = -125 + 135. What is the highest common factor of 110 and s?
10
Suppose -73*b = -78*b + 450. What is the greatest common factor of b and 150?
30
Suppose -5*a + 2*k + 22 = -5, -4*k + 16 = 0. Let c(s) = -17*s - 30. Let h be c(-3). Suppose a*m - 4*m = h. What is the highest common factor of 35 and m?
7
Suppose 0 = 3*b - t + 8, 11 = -5*b - 4*t - 8. Let x be 1*9*b/(-9). Calculate the greatest common factor of x and 2.
1
Let r be (225/(-40)*-2)/(3/8). Calculate the greatest common divisor of 50 and r.
10
Let h(c) be the second derivative of 7*c + 0 + 1/6*c**3 - 1/2*c**2. Let s be h(4). Calculate the greatest common divisor of s and 24.
3
Let u = -14 + 369. What is the greatest common divisor of 5 and u?
5
Suppose -15*y = -16*y - 10. Let j be (64/5)/((-4)/y). Calculate the highest common factor of j and 16.
16
Suppose -4*q + 94 = 3*y, 3*y = 2*y - 2. Suppose 21*d = q*d - 72. Let w be 45/(2 + -1)*1. What is the highest common factor of w and d?
9
Let